divide 3053?
False
Is 349 a multiple of 10?
False
Does 10 divide 5119?
False
Is 10404 a multiple of 23?
False
Does 15 divide 720?
True
Does 31 divide 51832?
True
Is 4 a factor of 11?
False
Does 74 divide 10878?
True
Is 5239 a multiple of 35?
False
Is 848 a multiple of 17?
False
Does 73 divide 11198?
False
Is 2714 a multiple of 118?
True
Does 22 divide 7056?
False
Is 45701 a multiple of 27?
False
Is 103 a factor of 47071?
True
Does 60 divide 185?
False
Does 46 divide 1472?
True
Does 35 divide 461?
False
Is 4 a factor of 36?
True
Does 72 divide 72?
True
Does 17 divide 9791?
False
Is 56 a factor of 12712?
True
Is 5 a factor of 42?
False
Is 21 a factor of 62732?
False
Is 8 a factor of 780?
False
Does 21 divide 10878?
True
Is 42 a factor of 42?
True
Does 10 divide 17682?
False
Is 7 a factor of 1561?
True
Does 22 divide 21382?
False
Is 94500 a multiple of 126?
True
Is 11 a factor of 142?
False
Does 5 divide 466?
False
Is 396 a multiple of 12?
True
Does 24 divide 552?
True
Is 6 a factor of 6138?
True
Is 39 a factor of 1732?
False
Does 114 divide 9120?
True
Is 49 a factor of 6076?
True
Does 2 divide 11562?
True
Is 19 a factor of 19668?
False
Does 2 divide 211?
False
Does 20 divide 540?
True
Does 18 divide 434?
False
Is 241 even?
False
Is 270 a multiple of 18?
True
Is 153 a multiple of 17?
True
Is 30 a factor of 2910?
True
Is 79 a factor of 1860?
False
Is 200 a multiple of 20?
True
Is 19428 a multiple of 88?
False
Is 149 a factor of 1490?
True
Is 12 a factor of 42372?
True
Does 20 divide 10949?
False
Is 333 a multiple of 37?
True
Is 3482 even?
True
Does 23 divide 3427?
True
Is 25 a factor of 11175?
True
Is 18 a factor of 417?
False
Is 46 a factor of 12082?
False
Is 18 a factor of 23526?
True
Does 12 divide 40991?
False
Is 224 a factor of 42336?
True
Is 85 a multiple of 5?
True
Does 9 divide 4463?
False
Is 33 a factor of 20860?
False
Is 12 a factor of 2615?
False
Is 12 a factor of 8350?
False
Is 632 a multiple of 8?
True
Is 39 a factor of 22729?
False
Is 36017 a multiple of 76?
False
Is 155 a factor of 93000?
True
Is 4888 a multiple of 52?
True
Is 4598 a multiple of 5?
False
Is 54 a factor of 7992?
True
Does 105 divide 1038?
False
Is 8207 a multiple of 21?
False
Is 21 a factor of 2778?
False
Does 33 divide 1056?
True
Is 384 a multiple of 8?
True
Is 5 a factor of 45?
True
Does 2 divide 471?
False
Is 15 a factor of 12547?
False
Is 29 a factor of 856?
False
Is 14 a factor of 2558?
False
Does 3 divide 129?
True
Is 27 a factor of 1566?
True
Does 4 divide 310?
False
Is 3120 a multiple of 52?
True
Does 48 divide 12993?
False
Is 244 a multiple of 13?
False
Does 45 divide 12927?
False
Does 2 divide 168?
True
Is 7826 a multiple of 182?
True
Does 45 divide 36675?
True
Does 133 divide 1777?
False
Is 21 a factor of 341?
False
Is 788 a multiple of 18?
False
Does 60 divide 1860?
True
Is 188 a factor of 51888?
True
Is 355 a factor of 67960?
False
Does 57 divide 8550?
True
Does 10 divide 150250?
True
Is 180 a multiple of 5?
True
Is 22724 a multiple of 247?
True
Does 19 divide 3040?
True
Does 92 divide 20915?
False
Is 90 a factor of 13680?
True
Is 2948 a multiple of 44?
True
Is 2737 a multiple of 19?
False
Is 1381 a multiple of 45?
False
Is 9 a factor of 279?
True
Is 416 even?
True
Is 424 a multiple of 8?
True
Is 80 a multiple of 80?
True
Is 152 a factor of 51089?
False
Is 15 a factor of 1198?
False
Does 84 divide 252?
True
Does 13 divide 5330?
True
Does 20 divide 3749?
False
Does 3 divide 368?
False
Does 50 divide 2874?
False
Does 54 divide 34148?
False
Is 13 a factor of 4422?
False
Is 31 a factor of 29835?
False
Is 115 a multiple of 11?
False
Does 9 divide 288?
True
Does 3 divide 195?
True
Does 14 divide 16758?
True
Is 14 a factor of 59892?
True
Does 6 divide 263?
False
Is 17 a factor of 3298?
True
Does 3 divide 3905?
False
Does 12 divide 554?
False
Is 31855 a multiple of 153?
False
Is 6 a factor of 106824?
True
Is 23 a factor of 828?
True
Is 8 a factor of 15922?
False
Is 119 a factor of 606?
False
Is 40 a factor of 10720?
True
Is 4 a factor of 3621?
False
Is 3204 a multiple of 9?
True
Does 52 divide 35136?
False
Is 1040 a multiple of 16?
True
Is 570 a multiple of 29?
False
Is 2 a factor of 47?
False
Does 112 divide 7387?
False
Does 15 divide 1170?
True
Is 56 a multiple of 28?
True
Is 19 a factor of 20398?
False
Is 19 a factor of 2717?
True
Is 1488 a multiple of 24?
True
Is 1630 a multiple of 61?
False
Does 4 divide 3297?
False
Is 18 a factor of 882?
True
Is 43 a multiple of 12?
False
Is 15 a factor of 4916?
False
Is 176 a factor of 27874?
False
Does 212 divide 39747?
False
Is 1931 a multiple of 11?
False
Is 67 a factor of 1474?
True
Is 6 a factor of 72?
True
Is 1438 a multiple of 101?
False
Is 7440 a multiple of 31?
True
Is 18 a factor of 6336?
True
Does 78 divide 780?
True
Is 30 a factor of 22920?
True
Is 197 a factor of 5516?
True
Is 16 a factor of 3680?
True
Does 4 divide 356?
True
Is 35 a factor of 175?
True
Is 17 a factor of 2873?
True
Is 81 a factor of 81?
True
Is 18468 a multiple of 9?
True
Is 20 a factor of 786?
False
Is 26 a factor of 3093?
False
Is 1087 a multiple of 9?
False
Is 4845 a multiple of 95?
True
Is 3 a factor of 2417?
False
Does 10 divide 516?
False
Is 62775 a multiple of 75?
True
Is 882 a multiple of 18?
True
Does 166 divide 5312?
True
Does 10 divide 16868?
False
Is 14 a factor of 2212?
True
Is 28 a factor of 6300?
True
Does 5 divide 19130?
True
Does 6 divide 1774?
False
Does 93 divide 651?
True
Is 20 a factor of 14520?
True
Does 40 divide 8478?
False
Is 36 a factor of 972?
True
Does 53 divide 543?
False
Is 33 a factor of 594?
True
Does 14 divide 3815?
False
Is 10 a factor of 1034?
False
Does 23 divide 1772?
False
Is 160 a multiple of 8?
True
Is 339 a multiple of 3?
True
Does 72 divide 2016?
True
Is 12 a factor of 66458?
False
Does 3 divide 440?
False
Does 32 divide 841?
False
Is 6 a factor of 546?
True
Is 3011 a multiple of 175?
False
Is 35420 a multiple of 115?
True
Is 17 a factor of 715?
False
Is 45 a factor of 9529?
False
Does 6 divide 9942?
True
Is 1087 a multiple of 17?
False
Is 100456 a multiple of 232?
True
Is 14711 a multiple of 24?
False
Is 95066 a multiple of 12?
False
Does 5 divide 300?
True
Is 27 a factor of 1107?
True
Is 80783 a multiple of 171?
False
Is 111 a factor of 2553?
True
Is 358 a multiple of 9?
False
Does 10 divide 11475?
False
Is 3230 a multiple of 95?
True
Is 10 a factor of 9410?
True
Is 638 a multiple of 18?
False
Is 252 a multiple of 21?
True
Is 2 a factor of 3?
False
Is 618 a multiple of 12?
False
Does 58 divide 1112?
False
Does 40 divide 4944?
False
Is 28 a factor of 19012?
True
Is 9 a factor of 7336?
False
Is 180 a multiple of 9?
True
Is 14 a factor of 6890?
False
Is 4181 a multiple of 11?
False
Is 1260 a multiple of 10?
True
Does 3 divide 266?
False
Does 7 divide 28?
True
Is 43 a multiple of 3?
False
Is 936 a multiple of 17?
False
Is 3450 a multiple of 16?
False
Does 2 divide 6394?
True
Does 2 divide 2770?
True
Does 5 divide 9675?
True
Is 949 a multiple of 25?
False
Is 205 a factor of 28412?
False
Is 220 a factor of 33000?
True
Is 133 a factor of 39900?
True
Is 50 a factor of 2600?
True
Does 9 divide 8181?
True
Is 784 a multiple of 16?
True
Is 12 a factor of 96?
True
Is 799 a multiple of 47?
True
Does 43 divide 1247?
True
Is 513 a multiple of 9?
True
Is 34269 a multiple of 413?
False
Is 136 a factor of 18069?
False
Does 26 divide 9308?
True
Is 446 a multiple of 14?
False
Is 10039 a multiple of 6?
False
Does 15 divide 1162?
False
Is 392 a multiple of 14?
True
Is 107 a factor of 5778?
True
Does 9 divide 2016?
True
Is 2 a factor of 2683?
False
Is 92737 a multiple of 8?
False
Is 2 a factor of 10061?
False
Is 1547 a multiple of 13?
True
Is 504 a multiple of 56?
True
Is 808 a multiple of 99?
False
Does 17 divide 4863?
False
Is 634 even?
True
Does 37 divide 8484?
False
Is 62 a factor of 744?
True
Is 11 a factor of 9108?
True
Is 1584 a multiple of 24?
True
Does 12 divide 744?
True
Is 129 a factor of 83721?
True
Is 17 a factor of 3094?
True
Is 10367 a multiple of 356?
False
Does 14 divide 518?
True
Does 48 divide 4368?
True
Is 8 a factor of 936?
True
Is 4492 a multiple of 13?
False
Does 9 divide 11772?
True
Is 1064 a multiple of 76?
True
Does 58 divide 628?
False
Is 71 a factor of 5183?
True
Is 5986 a multiple of 41?
T